te -19 - (-15 - -1) - (5 - -1).
-11
What is 10 + 0 - -4 - 24?
-10
(-19 - 0) + 419 + -401
-1
Calculate -5 - ((1 - (0 - (2 + -2))) + -1).
-5
Calculate 4 - -9 - 14 - 6.
-7
Evaluate 0 - ((-3 - 6) + (4 + -8 - -3)).
10
What is the value of 1 + 3 - (-15 + 9) - (216 - 187)?
-19
What is 3 - ((-10 - -1) + (-13 - (-3 + -8)))?
14
Calculate 23 + (4 - 19) - (1 - 5 - 1).
13
Evaluate 5 - (-15 + 1 - -35).
-16
2 - (-11 - (9 + -9) - -6)
7
8 + -1 + -2 + (-3 - -3)
5
What is 7 + (-38 - (-5 + 11 + -7))?
-30
What is 18 + -31 + 2 + 11?
0
456 + -458 - (-15 - (1 + -2))
12
What is -4 + 0 + 26 + -24 + -5?
-7
Evaluate -31 + (25 - 55 - -34).
-27
Evaluate -14 + 38 + -6 - 12.
6
-23 + 6 + 33 + 1
17
71 - 48 - (-1 + 9 - -4)
11
8 - (-8 - (-12 + -1)) - 22
-19
Calculate -24 - (2 + -22) - (10 + -2 + -2).
-10
53 + -57 + (5 - 1) - 10
-10
Calculate 10 + (-2 - (5 - 8 - -12)) + 7.
6
Calculate -38 + 6 + 29 + -26 + 7.
-22
Calculate -11 - (-39 + 3) - 45.
-20
Evaluate 13 - (-4 + -2 - (4 - 2) - -4).
17
(-166 - -100) + (9 - -20)
-37
What is -42 - (57 + -34 + -40)?
-25
Evaluate (-11 - (-16 - -7)) + 1.
-1
Evaluate 0 + 5 - (-9 + -7 + -1 + 13).
9
Calculate 11 + 8 + -4 - (5 + 0) - -2.
12
Evaluate 2 + (8 + 8 + -8 - 26).
-16
Evaluate -33 - ((24 - 21) + -10).
-26
What is 10 + (-17 - -14) + 4 + (0 - 0)?
11
Calculate 57 + (-36 - 22) - (2 - -5).
-8
Evaluate 7 - ((8 - -17) + -18).
0
Evaluate (-1 - (-14 - -4)) + -65 + 34.
-22
What is the value of (-6 - -34) + -30 - (2 + -3 + 2)?
-3
Evaluate (-4 - 56) + -5 + 42.
-23
Evaluate 6 + (5 - (0 - (-7 + -1))).
3
Evaluate 0 + 13 + -26 + 16.
3
Evaluate -3 + (12 - (-4 - 0 - 4)).
17
What is -3 - (-6 - 3) - (11 + -10)?
5
(-6 - -20) + (-17 - 4)
-7
Evaluate -6 - ((0 - 4) + -7).
5
Evaluate -1 + (-13 - -3) - -5.
-6
Calculate -3 + (-8 - (5 + -8 - -6)).
-14
Calculate (26 - 9 - -15) + -16.
16
Evaluate (2 - 3 - -2) + (-133 - -141).
9
What is -11 + (-14 - ((-48 - -12) + 18))?
-7
Calculate 1 + -10 + 7 + (-3 - (-7 - 2)).
4
0 + -14 + (11 - 7) - -7
-3
8 - (11 + -9 + (8 - -4))
-6
Calculate -27 + 63 + -23 + -6.
7
Calculate 7 + -7 - (-28 + (27 - 9)).
10
What is the value of 5 - (-34 - (-6 - -15 - 26))?
22
Evaluate 7 + (11 - (-11 + 1 - -20)).
8
11 + 4 + (8 - (7 - -8))
8
What is the value of -14 - ((-4 - 14) + 12 - -10)?
-18
What is (-2 + -7 - (-1 - 8)) + (5 - 5)?
0
Calculate (8 - (-4 + 10) - 5) + -27 + 6.
-24
What is the value of -5 + (-11 - (11 - 3 - 14))?
-10
What is the value of 2 - (18 + -5) - -15?
4
Evaluate -8 + 1 - (-57 + (117 - 76)).
9
Evaluate 1 + -4 - ((-4 - -7) + -11 + -3).
8
What is the value of -12 + 3 - (-26 - -23)?
-6
Evaluate -2 + 11 - 0 - (6 + -7 + -23).
33
Calculate (-2 - -6) + (22 - 2 - 14).
10
Calculate 0 - 6 - (-7 + (6 - (-18 + 17))).
-6
(-6 - (5 - (0 - (6 - 11)))) + 11
5
What is 4 + (-8 - -18) - (11 + 22)?
-19
What is the value of 8 - ((11 - (10 + -4)) + 5)?
-2
What is (-12 - (7 - (16 + 4))) + (-1 - 9)?
-9
Calculate (2 + 2 - 4) + (-12 - 0).
-12
What is (-4 + 10 - 28 - 7) + 3 - -10?
-16
Calculate (2 - 0) + 1 + -11 + 6.
-2
Calculate -12 + (6 - 5) + 3 + (-16 - -33).
9
What is (-9 - -1) + 22 + 3 + -6?
11
What is (-1 - ((9 - 3) + -2)) + 1 + -4?
-8
18 + 14 + -28 + (4 - 1) + -1
6
Calculate 11 - (-18 + 56 + -20).
-7
What is the value of 12 + -1 - ((-5 - -55) + -20)?
-19
What is the value of 968 + -1001 + (-2 - (3 + -4)) + 1?
-33
Calculate (-58 - -57) + -10 - (-5 - 0).
-6
Evaluate (14 - 16 - 6) + -5 + 1.
-12
What is the value of 7 - (-6 - (-9 + (3 - -1)))?
8
Calculate -9 - -8 - (-187 + 169).
17
5 + (2 + -15 - (108 - 110))
-6
-39 + -1 + (-7 - -27)
-20
Calculate 16 - 9 - (-32 + 46 - (0 - -2)).
-5
What is the value of 29 - (6 + -9 - -15)?
17
Calculate 6 - (-3 + -3 + 6 + -3) - -2.
11
Evaluate (-1 - -1) + -3 - (17 - 38 - -23).
-5
Evaluate 37 + -39 - -27 - (-2 + -5).
32
(1 + -3 + 2 - 7) + (213 - 196)
10
24 + -16 + (2 - 4) + -13 + 32
25
Calculate 26 - (-3 - -26) - (6 - 20).
17
22 - 26 - (-10 - -1)
5
Calculate -31 + (34 - 2) + 21.
22
Evaluate -1 + -11 - (-7 - -8 - 2).
-11
What is (1 - 23) + (-22 - (13 - 42))?
-15
What is 11 + -14 - -7 - (-17 - (1 + -4))?
18
What is (9 - 13) + -4 + 17?
9
Evaluate -133 - -53 - -94 - (-1 + 1).
14
Evaluate -6 + 6 + 3 - 10 - (2 + 0).
-9
-2 - 5 - (6 + -4 + -9)
0
Calculate (-7 + 8 - -2) + -2 + 13 - 5.
9
What is -1 + -15 + (11 - (5 + -9) - 8)?
-9
Calculate -2 + 1 + (-12 - (-3 - 3) - -5).
-2
What is -1 + (-23 - 3) + (4 - (6 - 6))?
-23
What is -1232 + 1230 + (-31 - 0)?
-33
Calculate 18 + (-33 - (-12 + -39)).
36
-109 + 104 + (4 - (0 + 0 + 0))
-1
What is 215 + -234 - (0 + -2)?
-17
Calculate 32 + -3 + -1 + -29.
-1
What is 1 - 5 - 5 - 3?
-12
What is (-12 - (-15 + 2)) + -6?
-5
Evaluate 8 + 2 - ((1 + 1 - -1) + -19).
26
What is the value of 0 + -8 + -11 + 26 + -10 + -8?
-11
What is the value of 4 + (-4 - (-2 - 4)) + 1 + -22?
-15
Evaluate 2 + 0 + -12 + 16 + -11.
-5
Calculate -4 - (0 - (2 - (-3 - -6))).
-5
5 + (-14 - -7) + 14
12
What is the value of (-3 - ((-5 - -3) + -3)) + (1 - 14)?
-11
Evaluate -4 + (-2 - -3) + 14 + -4.
7
What is the value of 0 + 1 - 10 - (-5 + -6 - 14)?
16
What is the value of -26 + -1 - (-55 - -4)?
24
Calculate -1 + -4 - (-5 - 8 - -17).
-9
Evaluate 5 + 1 + -64 + 28.
-30
What is -11 - (25 - (28 + -13) - -2)?
-23
What is (15 - (-3 - (-8 - 2))) + -37 + 1?
-28
2 - (22 + 12 - 13)
-19
Calculate -11 - (82 + -80 - (0 - -9)).
-4
2 + -12 - (270 - 257)
-23
What is the value of 4 + -2 - 8 - (7 - 13 - 2)?
2
What is (39 - 6 - 29) + (1 - -22)?
27
What is 14 + -1 - (-235 + 234)?
14
2 + -28 + 15 - -10
-1
15 - -4 - (14 + -3)
8
83 - 73 - (1 + 0 - (-4 - -3))
8
What is -10 - ((7 - 9 - 2 - -7) + -4)?
-9
Evaluate (-39 + 28 - 9) + 19.
-1
Evaluate 6 - (-1 + -1 + 4 + (25 - 23)).
2
What is the value of 4 + 21 + 0 - 13?
12
Calculate (-1 - 23) + (-177 - -183).
-18
Evaluate (5 - 16) + -14 + 20.
-5
0 + -32 - (479 - 502)
-9
Calculate -2 - (2 - (-6 - -1 - -4)) - 12.
-17
What is the value of -16 + 1 + 11 + -22 - -2?
-24
What is the value of (6 + -5 - -10) + -4?
7
-30 - -11 - -16 - (-10 + 1)
6
Calculate -12 + (-6 + -2 - 0 - (-50 + 0)).
30
Calculate 9 + -72 + (14 - -17).
-32
5 + 0 - 0 - ((1 - -3) + 10)
-9
What is 7 + -1 - (-4 + 4) - 4 - -11?
13
What is the value of -35 + (40 - 37) + 19?
-13
What is 1 - -15 - (-8 - (0 - (8 - -5)))?
11
Calculate -2 + 14 + 2 + -13 + -15.
-14
Calculate 1 - ((6 - (-7 + 13)) + -1) - 10.
-8
What is 0 + (-11 - -2) - (70 - 83)?
4
Evaluate 32 - (14 - (18 - 24)).
12
What is the value of (-7 - (13 + -8) - -13) + -9?
-8
What is 5 + -5 - (1 - 1) - (68 - 31)?
-37
Calculate 5 + -6 + ((4 - 7) + 1 - 3).
-6
Evaluate 265 + -261 - ((-2 - 1) + 1 + 10).
-4
Evaluate 67 + -63 + -4 + 6.
6
Evaluate -22 + 5 + (-2 - -13) + -4.
-10
Evaluate -47 + 50 - (-4 - 0) - (-2 - 0).
9
What is the value of -1 + -15 + 19 + (-10 - 5)?
-12
12 - 24 - 17 - -14 - (0 - 5)
-10
What is the value of (-61 - -56) + (-1 - 1)?
-7
What is the value of (1 - -6 - (7 + -2)) + -2?
0
What is 11 + 11 + -12 - 17?
-7
Calculate (13 - 4) + -8 + 4 + -5.
0
23 + (19 - 33) + -8
1
-14 + 3 + 1 + (-29 - -16)
-23
What is the value of (-6 - -14 - 50) + 27?
-15
Calculate -18 + 13 + -2 - -12.
5
What is the value of -8 - (1 + 0 + -12 + 5 + 12)?
-14
What is the value of 11 + 25 + -27 + -1 + -35 - 0?
-27
What is (28 - (-1 + (11 - 1))) + -13?
6
What is (-30 - -11 - -9) + 1 + -8?
-17
What is -16 - ((-18 - 6) + 6)?
2
What is 3 + 7 + 15 - 13?
12
Evaluate 3 - (13 + -12) - 25.
-23
Evaluate -14 + (-10 - (-6 - 15)).
-3
(6 - (-22 + 8)) + (-9 - (1 + -3))
13
What is (26 - 42) + -8 + 30?
6
Calculate (-1 - 0 - 14) + -35 + -22 + 59.
-13
7 - (11 - (4 + 5 + (0 - 6)))
-1
Calculate -16 - 1 - -11 - 2.
-8
(8 - (-31 - -42)) + -6 + -1 + 0
-10
What is the value of 0 + 4 + 0 + -8 - (10 - 48)?
34
Calculate 3 + -3 - (-2 - 3 - -6).
-1
Calculate 2 + (1 - 34 - -16).
-15
What is the value of (3 - -4) + (24 - 12) + -7 + 5?
17
What is the value of 24 + (-2 - -5 - (23 + -4))?
8
Calculate (43 + 3 - 32) + -4 + 2 + -2.
10
What is the value of 4 - (-23 + 16 + -3)?
14
What is -25 + -26 + 33 - -6?
-12
1 + (3 + -2 - 1)
1
Calculate -23 - (90 + -101 + (-3 - -4)).
-13
What is (4 - (9 + 0)) + (-8 - -6) - -4?
-3
What is 1 + 1 + -10 + 12 + -5 - -7?
6
What is 6 - -4 - (7 - 2) - (2 - -2)?
1
-3 - (-1 + 0 + (-26 - -24)) - 16
-16
What is the value of -7 + (18 + -20 - (-1 - -5 - 3))?
-10
What is the value of -4 + 17 + -3 + (15 - 23)?
2
Evaluate -26 - (-9 + 37 - 80).
26
Calc